{"id":429,"date":"2023-02-21T19:11:02","date_gmt":"2023-02-21T18:11:02","guid":{"rendered":"https:\/\/sitam.bplaced.net\/?post_type=product&#038;p=429"},"modified":"2023-03-06T12:01:05","modified_gmt":"2023-03-06T11:01:05","slug":"sitam-fernlehrgang","status":"publish","type":"product","link":"https:\/\/www.sitam.at\/?product=sitam-fernlehrgang","title":{"rendered":"Sitam Fernlehrgang"},"content":{"rendered":"<p>Dieser Fernlehrgang&nbsp; beschreibt in detaillierten und einfach nachvollziehbaren Schritten, wie man ein Kleid mit Glockenrock, eine Businessbluse und einen Businessrock schneidert. Es wird ganz genau erkl\u00e4rt, wie das Kleidungsst\u00fcck in Ma\u00dfschneiderqualit\u00e4t und Ma\u00dfschnitt konstruiert und geschneidert wird.<\/p>\n<p>Das ben\u00f6tigte Kurvenlineal und auch die Schnittkonstruktionsschablone sind in diesem Lehrgang enthalten.<\/p>\n<p>In diesem Fernlehrgang lernt ihr:<\/p>\n<ul>\n<li>Ma\u00dfnehmen<\/li>\n<li>Ma\u00dfschnitt Oberteil mit Abn\u00e4her zeichnen<\/li>\n<li>Ma\u00dfschnitt Kleid mit Glockenrock zeichnen<\/li>\n<li>Den Schnitt f\u00fcr den Zuschnitt vorbereiten<\/li>\n<li>ein Kleid mit Glockenrock in Ma\u00dfschneiderqualit\u00e4t herstellen<\/li>\n<li>einen Business Rock in Ma\u00dfschneiderqualit\u00e4t herstellen<\/li>\n<li>eine Business Bluse in Ma\u00dfschneiderqualit\u00e4t herstellen<\/li>\n<li>Ihr werdet bei diesem Fernlehrgang nat\u00fcrlich auch durch unsere Trainer pers\u00f6nlich betreut.<\/li>\n<\/ul>\n<p>Vorauszahlung:&nbsp;<\/p>\n<p>\u20ac 540,- (= \u20ac 400,- Kursgeb\u00fchr, \u20ac 25,- f\u00fcr das<br \/>\nKurvenlineal, \u20ac 95,- f\u00fcr das Tutorial und die Schnittkonstruktionsschablone, \u20ac 10,-<br \/>\nTeilnahmebest\u00e4tigung, \u20ac 10,- Postversand)<\/p>\n<p>Ratenzahlung:&nbsp;<\/p>\n<p>\u20ac 580,- (= \u20ac 440,- Kursgeb\u00fchr, \u20ac 25,- f\u00fcr das<br \/>\nKurvenlineal, \u20ac 95,- f\u00fcr das Tutorial und die Schnittkonstruktionsschablone, \u20ac 10<br \/>\nTeilnahmebest\u00e4tigung, \u20ac 10,- Postversand) und kann in 3 Raten beglichen werden.<br \/>\n1. Rate \u20ac 280,-Bitte diesen Betrag vor Kursbeginn \u00fcberweisen!<br \/>\n2.&amp;3. Rate \u20ac 150,- Die zweite und dritte Rate werden von uns mittels Bankeinzug<br \/>\neingehoben. Die ausgef\u00fcllte <a href=\"https:\/\/sitam.at\/wp-content\/uploads\/2023\/02\/Sepa-Lastschrift-3_2023.pdf\">Einzugserm\u00e4chtigung<\/a> bitte vor Kursbeginn per Mail oder Post an uns senden.<\/p>\n","protected":false},"excerpt":{"rendered":"<p>Dieser Fernlehrgang&nbsp; beschreibt in detaillierten und einfach nachvollziehbaren Schritten, wie man ein Kleid mit Glockenrock, eine Businessbluse und einen Businessrock schneidert. Es wird ganz genau erklaert, wie das Kleind in Ma\u00dfschneiderqualitaet und Ma\u00dfschnitt konstruiert und geschneidert wird.<\/p>\n<p>Das ben\u00f6tigte Kurvenlineal und auch die Schnittkonstruktionsschablone sind in diesem Lehrgang enthalten.<\/p>\n<p>In diesem Fernlehrgang lernen Sie:<\/p>\n<ul>\n<li>Ma\u00dfnehmen<\/li>\n<li>Ma\u00dfschnitt Oberteil mit Abn\u00e4her zeichnen<\/li>\n<li>Ma\u00dfschnitt Kleid mit Glockenrock zeichnen<\/li>\n<li>Den Schnitt f\u00fcr den Zuschnitt vorbereiten<\/li>\n<li>ein Kleid mit Glockenrock in Ma\u00dfschneiderqualit\u00e4t herstellen<\/li>\n<li>einen Business Rock in Ma\u00dfschneiderqualit\u00e4t herstellen<\/li>\n<li>eine Business Bluse in Ma\u00dfschneiderqualit\u00e4t herstellen<\/li>\n<li>Sie werden bei diesem Fernlehrgang nat\u00fcrlich auch durch unsere Trainer pers\u00f6nlich betreut.<\/li>\n<\/ul>\n","protected":false},"featured_media":435,"template":"","meta":{"content-type":"","ngg_post_thumbnail":0},"product_brand":[],"product_cat":[17],"product_tag":[],"class_list":{"0":"post-429","1":"product","2":"type-product","3":"status-publish","4":"has-post-thumbnail","6":"product_cat-unkategorisiert","8":"first","9":"instock","10":"taxable","11":"shipping-taxable","12":"purchasable","13":"product-type-variable"},"acf":[],"_links":{"self":[{"href":"https:\/\/www.sitam.at\/index.php?rest_route=\/wp\/v2\/product\/429","targetHints":{"allow":["GET"]}}],"collection":[{"href":"https:\/\/www.sitam.at\/index.php?rest_route=\/wp\/v2\/product"}],"about":[{"href":"https:\/\/www.sitam.at\/index.php?rest_route=\/wp\/v2\/types\/product"}],"wp:featuredmedia":[{"embeddable":true,"href":"https:\/\/www.sitam.at\/index.php?rest_route=\/wp\/v2\/media\/435"}],"wp:attachment":[{"href":"https:\/\/www.sitam.at\/index.php?rest_route=%2Fwp%2Fv2%2Fmedia&parent=429"}],"wp:term":[{"taxonomy":"product_brand","embeddable":true,"href":"https:\/\/www.sitam.at\/index.php?rest_route=%2Fwp%2Fv2%2Fproduct_brand&post=429"},{"taxonomy":"product_cat","embeddable":true,"href":"https:\/\/www.sitam.at\/index.php?rest_route=%2Fwp%2Fv2%2Fproduct_cat&post=429"},{"taxonomy":"product_tag","embeddable":true,"href":"https:\/\/www.sitam.at\/index.php?rest_route=%2Fwp%2Fv2%2Fproduct_tag&post=429"}],"curies":[{"name":"wp","href":"https:\/\/api.w.org\/{rel}","templated":true}]}}