{"id":15,"date":"2023-02-17T09:19:40","date_gmt":"2023-02-17T08:19:40","guid":{"rendered":"https:\/\/sitam.bplaced.net\/?page_id=15"},"modified":"2023-04-16T16:37:20","modified_gmt":"2023-04-16T14:37:20","slug":"15-2","status":"publish","type":"page","link":"https:\/\/www.sitam.at\/","title":{"rendered":""},"content":{"rendered":"\n<h2 class=\"wp-block-heading\"><strong>MODE IST UNSERE LEIDENSCHAFT, ERFAHRUNG UNSERE ST\u00c4RKE<\/strong><\/h2>\n\n\n\n<p><strong>Unsere Leistungen:<\/strong><\/p>\n\n\n\n<ul class=\"wp-block-list\">\n<li>N\u00e4hkurse (richtig n\u00e4hen lernen f\u00fcr Anf\u00e4nger und Fortgeschrittene)<\/li>\n\n\n\n<li>Schneiderkurse (Kleidermacher)<\/li>\n\n\n\n<li>Schnittzeichnen (Sitam Schablone)<\/li>\n\n\n\n<li>Modedesigner<\/li>\n\n\n\n<li>Figurenzeichnen&nbsp;<\/li>\n\n\n\n<li>Workshops<\/li>\n<\/ul>\n\n\n\n<p>Die Modeakademie Sitam wurde 2008 gegr\u00fcndet. Wir unterrichten mit dem Sitam Schnittsystem, welches 1947 von zwei italienischen Schneiders\u00f6hnen entwickelt wurde. Unsere Sch\u00fcler werden zu Bekleidungsmachern und Modedesignern ausgebildet. Weiters bieten wir Kurse f\u00fcr Hobbyschneider an.<\/p>\n\n\n\n<p>Bei dem Grundkurs\/Vorkurs handelt es sich um einen N\u00e4hkurs f\u00fcr Anf\u00e4nger, die entweder die Ausbildung zum Bekleidungsmacher\/Modedesigner anstreben, oder als Hobbyschneider Ihre eigenen Kleidungsst\u00fccke entwerfen und anfertigen m\u00f6chten. Sie lernen Schritt f\u00fcr Schritt N\u00e4hen, Schneidern und das selbstst\u00e4ndige Gestalten von Mode. Alles rund um die Materialien, die Sie f\u00fcr Ihr neues Hobby ben\u00f6tigen.<\/p>\n\n\n\n<p>Sie lernen das Zuschneiden von unterschiedlichen Materialien und sowohl das N\u00e4hen von Hand als auch mit der Maschine. Alles Wichtige zum Thema B\u00fcgeln (Formgeben der Kleidungsst\u00fccke durch B\u00fcgeln \u2013 D\u00e4mpfen). Das richtige Ma\u00dfnehmen und das selbstst\u00e4ndige Konstruieren der Grundschnitte nach dem Sitam Schnittsystem (patentierte Schablone) und das Erweitern der Grundschnitte. Wie Sie die Schnittteile sowie alle Markierungen, die Sie brauchen, vom Papierschnittteil auf den Stoff \u00fcbertragen. Wie Sie unterschiedliche S\u00e4ume n\u00e4hen k\u00f6nnen, verschiedene Taschen verarbeiten, diverse Kragenl\u00f6sungen, unterschiedliche \u00c4rmelabschl\u00fcsse und vieles mehr. Je nach Arbeitstempo fertigen die Teilnehmerinnen ein T-Shirt, Bluse, Rock, Kleid, Weste, Hose, Blazer und Mantel an.<\/p>\n","protected":false},"excerpt":{"rendered":"<p>MODE IST UNSERE LEIDENSCHAFT, ERFAHRUNG UNSERE ST\u00c4RKE Unsere Leistungen: Die Modeakademie Sitam wurde 2008 gegr\u00fcndet. Wir unterrichten mit dem Sitam Schnittsystem, welches 1947 von zwei italienischen Schneiders\u00f6hnen entwickelt wurde. Unsere Sch\u00fcler werden zu Bekleidungsmachern und Modedesignern ausgebildet. Weiters bieten wir Kurse f\u00fcr Hobbyschneider an. Bei dem Grundkurs\/Vorkurs handelt es sich um einen N\u00e4hkurs f\u00fcr Anf\u00e4nger, die entweder die Ausbildung zum Bekleidungsmacher\/Modedesigner anstreben, oder als Hobbyschneider Ihre eigenen Kleidungsst\u00fccke entwerfen und anfertigen m\u00f6chten. Sie lernen Schritt f\u00fcr Schritt N\u00e4hen, Schneidern und das selbstst\u00e4ndige Gestalten von Mode. Alles rund um die Materialien, die Sie f\u00fcr Ihr neues Hobby ben\u00f6tigen. Sie lernen das Zuschneiden von unterschiedlichen Materialien und sowohl das N\u00e4hen von Hand als auch mit der Maschine. Alles Wichtige zum Thema B\u00fcgeln (Formgeben der Kleidungsst\u00fccke durch B\u00fcgeln \u2013 D\u00e4mpfen). Das richtige Ma\u00dfnehmen und das selbstst\u00e4ndige Konstruieren der Grundschnitte nach dem Sitam Schnittsystem (patentierte Schablone) und das Erweitern der Grundschnitte. Wie Sie die Schnittteile sowie alle Markierungen, die Sie brauchen, vom Papierschnittteil auf den Stoff \u00fcbertragen. Wie Sie unterschiedliche S\u00e4ume n\u00e4hen k\u00f6nnen, verschiedene Taschen verarbeiten, diverse Kragenl\u00f6sungen, unterschiedliche \u00c4rmelabschl\u00fcsse und vieles mehr. Je nach Arbeitstempo fertigen die Teilnehmerinnen ein T-Shirt, Bluse, Rock, Kleid, Weste, Hose, Blazer und Mantel an.<\/p>\n","protected":false},"author":1,"featured_media":0,"parent":0,"menu_order":0,"comment_status":"closed","ping_status":"closed","template":"","meta":{"content-type":"","ngg_post_thumbnail":0,"footnotes":""},"class_list":["post-15","page","type-page","status-publish","hentry"],"acf":[],"_links":{"self":[{"href":"https:\/\/www.sitam.at\/index.php?rest_route=\/wp\/v2\/pages\/15","targetHints":{"allow":["GET"]}}],"collection":[{"href":"https:\/\/www.sitam.at\/index.php?rest_route=\/wp\/v2\/pages"}],"about":[{"href":"https:\/\/www.sitam.at\/index.php?rest_route=\/wp\/v2\/types\/page"}],"author":[{"embeddable":true,"href":"https:\/\/www.sitam.at\/index.php?rest_route=\/wp\/v2\/users\/1"}],"replies":[{"embeddable":true,"href":"https:\/\/www.sitam.at\/index.php?rest_route=%2Fwp%2Fv2%2Fcomments&post=15"}],"version-history":[{"count":7,"href":"https:\/\/www.sitam.at\/index.php?rest_route=\/wp\/v2\/pages\/15\/revisions"}],"predecessor-version":[{"id":769,"href":"https:\/\/www.sitam.at\/index.php?rest_route=\/wp\/v2\/pages\/15\/revisions\/769"}],"wp:attachment":[{"href":"https:\/\/www.sitam.at\/index.php?rest_route=%2Fwp%2Fv2%2Fmedia&parent=15"}],"curies":[{"name":"wp","href":"https:\/\/api.w.org\/{rel}","templated":true}]}}